are the prime factors of w?
3, 17
Let h = 9407 + 13213. List the prime factors of h.
2, 3, 5, 13, 29
Suppose -138554 = -2*m + 2*n, 5*n - n - 277108 = -4*m. What are the prime factors of m?
13, 73
Suppose -x - 2*i + 6570 = 0, 159*x - 157*x = 4*i + 13172. List the prime factors of x.
2, 11, 13, 23
Suppose 3*i - 13*i = 13*i - 111228. What are the prime factors of i?
2, 3, 13, 31
Let v be 87/(-24)*-54 + (-3)/(-12). Suppose -36*d + v = -34*d. Let i = d + -95. List the prime factors of i.
3
Let b = 3044 + -1929. Let r = b - 121. What are the prime factors of r?
2, 7, 71
Let f = 157 + -122. Suppose 37*j - 1148 = f*j. What are the prime factors of j?
2, 7, 41
Let f(o) = 3*o**2 + 4*o - 45. Let q(k) = -k**3 - 4*k**2 + k - 10. Let t be q(-4). List the prime factors of f(t).
487
Let v = 171 + -106. Let g be (-10)/v + 82/26. Suppose 9*x - g*x - 204 = 0. What are the prime factors of x?
2, 17
Suppose -55*v - 200635 + 638121 = -416224. What are the prime factors of v?
2, 3, 13, 199
Let v be 2 + (50 + 4 - 1). Suppose -y = -5*j - 0*y + v, 0 = 3*j + 5*y - 5. Suppose j*t + 18 = 11*t. What are the prime factors of t?
2, 3
List the prime factors of (-12)/52 - (-1907820)/585.
3, 1087
Let j(a) = -2*a**2 - 34*a + 41. Let o be j(-18). Suppose 0 = -g - o*u - 8, 4*u - 24 = 3*g + 7*u. List the prime factors of -1 - 3 - (-83 - (4 + g)).
3, 5
Let r be (-32)/56 + 11 - 6/14. Suppose -1735 = -5*v + r*l - 5*l, 4*v + 2*l = 1358. List the prime factors of v.
2, 3, 19
Let j(o) be the second derivative of 8*o**4/3 - o**3 + 9*o**2/2 - 62*o. List the prime factors of j(2).
5
Let p = -10999 - -26161. What are the prime factors of p?
2, 3, 7, 19
Suppose -3*q = 2*q - 25, 4*d + 2*q - 26 = 0. Let x(p) = p - p**2 + 0 - 5 + 2*p**2 + d. List the prime factors of x(9).
89
Let p(b) = -181*b**3 - 36*b**2 - 75*b + 2. List the prime factors of p(-2).
2, 7, 13
Let r be -42*(0 + (-2)/6). Let t = 25 - r. What are the prime factors of t?
11
Let d = 176 + 27. Let s be ((-57)/(-1))/(354/(-24) + 14). Let w = s + d. List the prime factors of w.
127
Suppose -4*x + 23 - 95 = 0. What are the prime factors of (2943/x)/(3/(-4))?
2, 109
What are the prime factors of -7 - -3 - (-25 + -5436)?
3, 17, 107
Let n(q) = 12*q**2 - 15*q + 63. Let d(r) = 2*r - 31. Let i be d(8). Let f(b) = 3*b**2 - 4*b + 16. Let u(c) = i*f(c) + 4*n(c). List the prime factors of u(5).
3, 29
Let u(f) be the first derivative of f**2/2 + 16*f + 3. Let q be u(-11). Suppose -j - 380 = -5*b, 0 = q*b + 3*j - 549 + 149. What are the prime factors of b?
7, 11
Suppose -2*s = 3*x - 48851, -9*x = -14*x - 4*s + 81417. What are the prime factors of x?
5, 3257
Let w = 897 - -1183. Suppose 0 = -4*d - d + w. What are the prime factors of d?
2, 13
Suppose -4*k + 100*v = 105*v - 54035, 4*v - 40526 = -3*k. What are the prime factors of k?
2, 5, 7, 193
Let u be 3/6*-3*-2*1. Suppose 5*c = -u*c + 48. Suppose 357 = c*f - 105. List the prime factors of f.
7, 11
Let n = -418 - 281. Let u = -402 - n. Suppose u + 63 = 5*q. What are the prime factors of q?
2, 3
Let t(m) = 1617*m - 2540. List the prime factors of t(8).
2, 23, 113
Let g(d) = 2*d**3 + 4*d**2 + 2*d - 23. Let r(t) = 22 - 3*t**2 + 4*t + 0*t - 2*t**3 - 5*t + t**3. Let q(n) = 2*g(n) + 3*r(n). What are the prime factors of q(0)?
2, 5
Let a = 84 + -508. Let z = -348 - a. What are the prime factors of z?
2, 19
Let d(g) = -5*g**3 - 9*g**2 - 5*g + 8. Let i be d(-7). Suppose 3*x - t - 2336 = 0, 4*t + i + 1787 = 4*x. List the prime factors of x.
2, 3, 5, 13
Suppose -q - 16635 = -25815. List the prime factors of q.
2, 3, 5, 17
Let j(d) = 3*d**2 - 2*d - 43. Suppose 0 = -b + 6*z - 9*z + 13, b = 2*z + 8. List the prime factors of j(b).
3, 79
Let p = 81 - -21. Let n = -99 + p. Let x = 15 - n. What are the prime factors of x?
2, 3
Let f(s) = -s**2 + 16*s + 38. Suppose -5*n + 87 = -3*r, -2*r = 4*n + 2*r - 76. Let w be f(n). List the prime factors of (w + -15)/((-1)/5).
5, 13
Let v be (7 - 97)*(-14)/5. Suppose -3*b - 3*b + v = 0. Suppose 16*d - 15*d = b. What are the prime factors of d?
2, 3, 7
Suppose 14*f - 18360 = -4*f. Let c = f + -579. List the prime factors of c.
3, 7
Let m(y) = -y**2 + 9*y + 26. Let x be m(11). Suppose x*p - 202 = 182. Let q = 11 + p. What are the prime factors of q?
107
Let g = -875 - -880. Let w(n) = n. Let r be w(3). Suppose -r*z - z = -3*v - 1095, -g*z + v = -1377. List the prime factors of z.
2, 3, 23
Let z(s) = -2*s**3 + 3*s**2 - s. Let p be z(2). Let l(o) = -3*o**3 + 2*o**2 + 4*o + 43. What are the prime factors of l(p)?
739
Suppose -12*o + 4*o + 128 = 0. Suppose -4*q = o, f = -0*f + 3*q + 253. Suppose 0 = -2*x + 109 + f. What are the prime factors of x?
5, 7
Let k be 71/4 + (-2)/(-8). Let o(x) be the first derivative of -x**4/4 + 6*x**3 + 11*x**2/2 - 10*x + 1984. List the prime factors of o(k).
2, 47
Let s(b) = -33*b - 7. Let z be s(-1). Suppose -z*t + 22*t + 8 = 0. Suppose -8*a - 5*x + 566 = -5*a, -t*a - 4*x = -380. What are the prime factors of a?
2, 7, 13
Let k be (-18)/(-5) + 2/5. Let o = -1644 - -1792. Suppose -k*b + o - 24 = 0. What are the prime factors of b?
31
Let q(d) = -15*d**2 - 17*d**2 + 1 + 40*d**2 - d**3 - 9*d. Let l be q(7). Let g(w) = -3*w - 4. List the prime factors of g(l).
5, 7
Let w = 82 + -65. Suppose -5*y + 117 = 4*k, -2*k + 5*y + w = -4. Let n(t) = -t**2 + 27*t + 54. List the prime factors of n(k).
2, 73
List the prime factors of 12*7/56*(-56)/12 + 17597.
2, 5, 1759
Let o = 679 + -681. Suppose -3*n - 172 = -2*j, -j + 0*j = 2*n - 79. Let h = o + j. What are the prime factors of h?
3
Suppose 5*d - 8957 = 266*w - 268*w, 4*d = 4*w - 17844. List the prime factors of w.
2, 7, 11, 29
Suppose 23965 = 2*c + 3*a, -4*c - 2246 + 50168 = -2*a. List the prime factors of c.
11981
Suppose 0 = 3*z + 2*i - 0*i - 22, 25 = 5*z + i. Suppose 4*r + 6*p = 8*p + 478, -476 = -z*r + 4*p. Let a = r - -26. List the prime factors of a.
2, 73
Suppose -145690 = -15*p - 31570. What are the prime factors of p?
2, 3, 317
Let n(c) be the third derivative of 7*c**6/30 + c**5/10 - c**4/6 + c**3/6 + 3*c**2. What are the prime factors of n(2)?
241
Suppose 0*b + 5*t - 840 = 5*b, -3*b - 4*t = 504. Let f = b + 501. Let o = f - 54. List the prime factors of o.
3, 31
Let t(a) = a**3 + 36*a**2 - 76*a - 60. List the prime factors of t(-37).
3, 461
Let d be (-3320)/30 - (-4)/(-3). Let b = 366 + d. What are the prime factors of b?
2, 127
Let v(g) = 0*g + 9002 - 6*g - 6*g - 8980 + 2*g**3 - 8*g**2. What are the prime factors of v(8)?
2, 3, 73
Suppose -11*d + 8*d - 5*o = -10, 5*d = -3*o + 38. Let v(k) = 13*k + 5*k - d - 11*k. What are the prime factors of v(2)?
2
Suppose 707 = 2*g + y + 52, -3*g = 5*y - 993. What are the prime factors of g + 0/3 + -6 + 6?
2, 163
Suppose -4*h = -k + 1052, 3*k = -k + 16. What are the prime factors of h*(9/6 - 2)?
131
What are the prime factors of (-945)/(-140)*(-21304)/(-6)?
3, 2663
Let z = 195463 - 134068. List the prime factors of z.
3, 5, 4093
Suppose 0 = d - 2*d + 4*w + 2, -3*w - 12 = d. Let q be 16/d*(2 - -4). Let p(a) = -a - 2. What are the prime factors of p(q)?
2, 7
Suppose 0 = 4*h + 2*h - 12. Let u be 1*(120 - h)/(-2 - 0). Let b = 64 + u. List the prime factors of b.
5
Suppose -4*c = 5*i + 8, -15 = c + 5*i + 2. Suppose -x + 7*z - 2*z + 1022 = 0, 0 = -5*x - c*z + 5222. List the prime factors of x.
2, 521
Suppose 571*t - 544*t = 511785. List the prime factors of t.
5, 17, 223
Suppose 338*i = 328*i + 50. Let y(n) = 123*n - 54. List the prime factors of y(i).
3, 11, 17
Suppose 0 = -l + o + 43232, 2*l - o - 47072 = 39397. What are the prime factors of l?
43237
Suppose 0 = -3*y + 7*c + 59339, 4*c + 2 = -6. What are the prime factors of y?
5, 7, 113
Suppose 261 = -4*x + 3*f, -2*f + 301 = -4*x - 7*f. Let k = 45 + x. Let z(q) = -q**3 - 23*q**2 + 18*q - 42. List the prime factors of z(k).
2, 3, 17
Let t = -1733 + 6388. List the prime factors of t.
5, 7, 19
Let f be (6255/9 - 0)/1. Suppose 8*q - 4537 = f. List the prime factors of q.
2, 3, 109
Suppose q + 33 = -27. Let b = q + 63. List the prime factors of 3210/36 - b/18.
89
Suppose 130*f + 88266 = 145*f - 27069. List the prime factors of f.
3, 11, 233
Let p(y) = y**3 + 2*y**2 - 3*y - 3. Let n(h) = 6*h**3 + 11*h**2 - 16*h - 14. Let f = -92 - -90. Let g(a) = f*n(a) + 11*p(a). List the prime factors of g(-3).
5
Suppose 0*y + 2821 = y -